{"id":294,"date":"2020-04-05T23:52:25","date_gmt":"2020-04-05T21:52:25","guid":{"rendered":"https:\/\/guifang.phdlx.fr\/?page_id=294"},"modified":"2023-06-27T22:43:36","modified_gmt":"2023-06-27T20:43:36","slug":"tarifs","status":"publish","type":"page","link":"https:\/\/guifang.phdlx.fr\/?page_id=294","title":{"rendered":"Tarifs"},"content":{"rendered":"\n<div class=\"wp-block-media-text alignwide is-stacked-on-mobile is-vertically-aligned-top\"><figure class=\"wp-block-media-text__media\"><img loading=\"lazy\" decoding=\"async\" width=\"718\" height=\"661\" src=\"https:\/\/guifang.phdlx.fr\/wp-content\/uploads\/2020\/05\/Moyens-de-paiement.jpg\" alt=\"\" class=\"wp-image-461 size-full\" srcset=\"https:\/\/guifang.phdlx.fr\/wp-content\/uploads\/2020\/05\/Moyens-de-paiement.jpg 718w, https:\/\/guifang.phdlx.fr\/wp-content\/uploads\/2020\/05\/Moyens-de-paiement-300x276.jpg 300w\" sizes=\"auto, (max-width: 718px) 100vw, 718px\" \/><\/figure><div class=\"wp-block-media-text__content\">\n<p class=\"has-text-align-left has-large-font-size\">Les cartes ci-jointes sont accept\u00e9es. Le lecteur de cartes ne permet pas d&rsquo;accepter les cartes uniquement \u00e0 bande magn\u00e9tiques.<\/p>\n\n\n\n<p><a href=\"https:\/\/guifang.phdlx.fr\/?page_id=332\">Tarifs massages<\/a> <\/p>\n\n\n\n<p><a href=\"https:\/\/guifang.phdlx.fr\/?page_id=329\">Tarifs \u00e9pilation<\/a><\/p>\n<\/div><\/div>\n\n\n\n<p><\/p>\n","protected":false},"excerpt":{"rendered":"<p>Les cartes ci-jointes sont accept\u00e9es. Le lecteur de cartes ne permet pas d&rsquo;accepter les cartes uniquement \u00e0 bande magn\u00e9tiques. Tarifs massages Tarifs \u00e9pilation<\/p>\n","protected":false},"author":1,"featured_media":0,"parent":0,"menu_order":3,"comment_status":"closed","ping_status":"closed","template":"","meta":{"inline_featured_image":false,"footnotes":""},"class_list":["post-294","page","type-page","status-publish","hentry"],"_links":{"self":[{"href":"https:\/\/guifang.phdlx.fr\/index.php?rest_route=\/wp\/v2\/pages\/294","targetHints":{"allow":["GET"]}}],"collection":[{"href":"https:\/\/guifang.phdlx.fr\/index.php?rest_route=\/wp\/v2\/pages"}],"about":[{"href":"https:\/\/guifang.phdlx.fr\/index.php?rest_route=\/wp\/v2\/types\/page"}],"author":[{"embeddable":true,"href":"https:\/\/guifang.phdlx.fr\/index.php?rest_route=\/wp\/v2\/users\/1"}],"replies":[{"embeddable":true,"href":"https:\/\/guifang.phdlx.fr\/index.php?rest_route=%2Fwp%2Fv2%2Fcomments&post=294"}],"version-history":[{"count":0,"href":"https:\/\/guifang.phdlx.fr\/index.php?rest_route=\/wp\/v2\/pages\/294\/revisions"}],"wp:attachment":[{"href":"https:\/\/guifang.phdlx.fr\/index.php?rest_route=%2Fwp%2Fv2%2Fmedia&parent=294"}],"curies":[{"name":"wp","href":"https:\/\/api.w.org\/{rel}","templated":true}]}}